{"id":1883101,"date":"2023-09-13T10:42:25","date_gmt":"2023-09-13T08:42:25","guid":{"rendered":"https:\/\/www.dfh-ufa.org\/fr\/?page_id=1883101"},"modified":"2026-04-10T13:03:54","modified_gmt":"2026-04-10T11:03:54","slug":"ateliers-interculturels-2025","status":"publish","type":"page","link":"https:\/\/www.dfh-ufa.org\/fr\/vous-etes\/etudiant\/entrainement-interculturel-a-la-candidature\/ateliers-interculturels-2025","title":{"rendered":"Ateliers interculturels (en ligne)"},"content":{"rendered":"<div id=\"pl-1883101\"  class=\"panel-layout\" ><div id=\"pg-1883101-0\"  class=\"panel-grid panel-no-style\" ><div id=\"pgc-1883101-0-0\"  class=\"panel-grid-cell\" ><div id=\"panel-1883101-0-0-0\" class=\"so-panel widget widget_sow-editor panel-first-child\" data-index=\"0\" ><div class=\"so-widget-sow-editor so-widget-sow-editor-base\">\n<div class=\"siteorigin-widget-tinymce textwidget\">\n\t<h4><em>R\u00e9ussir son insertion professionnelle en 4 \u00e9tapes<\/em><\/h4>\n<h2 style=\"text-align: center\">pour les \u00e9tudiant\u00b7es et dipl\u00f4m\u00e9\u00b7es des cursus binationaux et trinationaux de l'UFA<\/h2>\n<h5 style=\"text-align: center\"><strong>Vous achevez bient\u00f4t vos \u00e9tudes sup\u00e9rieures ou vous venez d\u2019\u00eatre dipl\u00f4m\u00e9\u00b7e de l'UFA ? Afin de vous faciliter l\u2019entr\u00e9e sur le march\u00e9 de l\u2019emploi dans les deux pays, l\u2019UFA vous propose de participer \u00e0 nos ateliers interculturels.<\/strong><\/h5>\n<hr \/>\n<p>Pour s'inscrire \u00e0 la conf\u00e9rence interculturelle en ligne, c'est <strong><a href=\"https:\/\/www.dfh-ufa.org\/fr\/vous-etes\/etudiant\/entrainement-interculturel-a-la-candidature\/conference-interculturelle-en-ligne?noredirect=fr_FR\">par ici<\/a><\/strong>.<\/p>\n<p>Les prochains ateliers interculturels auront lieu en automne 2026.<\/p>\n<hr \/>\n<h3><strong>Besoin d\u2019astuces pour optimiser votre recherche d\u2019emploi ou de stage\u00a0?<\/strong><\/h3>\n<p>Une foule de conseils et d\u2019informations utiles pour votre candidature, doubl\u00e9e d\u2019un \u00e9change d\u2019exp\u00e9riences avec des \u00e9tudiant\u00b7es et dipl\u00f4m\u00e9\u00b7es d\u2019autres disciplines vous attendent.<\/p>\n<h4>B\u00e9n\u00e9fices<\/h4>\n<ul>\n<li>optimiser la pr\u00e9paration du dossier de candidature et de l\u2019entretien<\/li>\n<li>sensibiliser les candidat\u00b7es aux diff\u00e9rences structurelles des diff\u00e9rents champs professionnels<\/li>\n<li>favoriser l\u2019\u00e9change d\u2019exp\u00e9riences entre les participant\u00b7es<\/li>\n<li>mettre en r\u00e9seau les \u00e9tudiant\u00b7es et dipl\u00f4m\u00e9\u00b7es de l\u2019UFA issu\u00b7es de disciplines vari\u00e9es<\/li>\n<li>mettre \u00e0 profit les comp\u00e9tences interculturelles acquises durant les \u00e9tudes dans un contexte professionnel<\/li>\n<\/ul>\n<p>&nbsp;<\/p>\n<h3>L'intervenante<\/h3>\n<p><strong><a href=\"https:\/\/www.coach-pro-akb.de\/\" target=\"_blank\" rel=\"noopener\">Ann-Kristin Benthien<\/a>,<\/strong> dipl\u00f4m\u00e9e en gestion d\u2019entreprise et en psychologie, est originaire d\u2019Allemagne et vit en France depuis 2013.<\/p>\n<p><img decoding=\"async\" loading=\"lazy\" class=\"size-medium wp-image-1883885 alignleft\" src=\"https:\/\/www.dfh-ufa.org\/app\/uploads\/2023\/09\/Coaching-professionnel-a-Paris-Fondatrice-198x250.jpg\" alt=\"\" width=\"198\" height=\"250\" srcset=\"https:\/\/www.dfh-ufa.org\/app\/uploads\/2023\/09\/Coaching-professionnel-a-Paris-Fondatrice-198x250.jpg 198w, https:\/\/www.dfh-ufa.org\/app\/uploads\/2023\/09\/Coaching-professionnel-a-Paris-Fondatrice-809x1024.jpg 809w, https:\/\/www.dfh-ufa.org\/app\/uploads\/2023\/09\/Coaching-professionnel-a-Paris-Fondatrice-768x972.jpg 768w, https:\/\/www.dfh-ufa.org\/app\/uploads\/2023\/09\/Coaching-professionnel-a-Paris-Fondatrice.jpg 1061w\" sizes=\"(max-width: 198px) 100vw, 198px\" \/><\/p>\n<p>Elle a travaill\u00e9 pour diverses soci\u00e9t\u00e9s de service, dont BearingPoint : elle est intervenue chez Mercedes, AXA, VW, Raja, etc. en tant que Business Analyste et chef de projet. Depuis 2016, elle est coach professionnel et propose entre autres ses services dans la cr\u00e9ation de projet professionnel : de l\u2019identification de son projet jusqu\u2019\u00e0 l\u2019embauche. Elle accompagne aussi les entreprises dans un contexte franco-allemand sur les diff\u00e9rences interculturelles.<\/p>\n<p>Ses sp\u00e9cialit\u00e9s :<\/p>\n<ul>\n<li>\u00a0Diff\u00e9rences interculturelles<\/li>\n<li>\u00a0R\u00e9daction de CV<\/li>\n<li>\u00a0Pr\u00e9paration aux entretiens d\u2019embauche<\/li>\n<\/ul>\n<hr \/>\n<h3><strong>Dates et sujets des ateliers <\/strong><\/h3>\n<ul>\n<li>Atelier 1 : Analyse de comp\u00e9tences et pr\u00e9sentation de soi - vendredi 20 mars de 14h30 \u00e0 18h30<\/li>\n<li>Atelier 2 : Dossier de candidature en France et en Allemagne - samedi 21 mars de 9h \u00e0 13h<\/li>\n<li>Atelier 3 : Entretien d'embauche - vendredi 27 mars de 14h30 \u00e0 18h30<\/li>\n<li>Atelier 4 : R\u00e9seauter avec succ\u00e8s sur LinkedIn - samedi 28 mars de 9h \u00e0 13h<\/li>\n<\/ul>\n<p>&nbsp;<\/p>\n<p>&nbsp;<\/p>\n<hr \/>\n<\/div>\n<\/div><\/div><div id=\"panel-1883101-0-0-1\" class=\"so-panel widget widget_accordion\" data-index=\"1\" >        <div class=\"accordion\" data-collapse=\"1\">\n\n\t\t\t\t\t\t\t\t\t\t\t\t                    <div class=\"accordion__item\" id=\"69f172ca02ab9\">\n\n\t\t\t\t\t\t                            <header class=\"accordion__header\">\n                                <h2 class=\"accordion__title\">Objectifs des ateliers<\/h2>\n                            <\/header>\n\t\t\t\t\t\t\n\t\t\t\t\t\t                            <div class=\"accordion__content\">\n\t\t\t\t\t\t\t\t<p><strong>\u00a0\u00a0\u00a0\u00a0\u00a0 1. Analyse de comp\u00e9tences et pr\u00e9sentation de soi<\/strong><\/p>\n<ul>\n<li>Identifier ses comp\u00e9tences et les atouts du double dipl\u00f4me et les mettre en avant dans son projet professionnel<\/li>\n<li>Savoir analyser les besoins de l\u2019entreprise et les comp\u00e9tences requises<\/li>\n<li>Construire son Elevator Pitch en fonction de l\u2019offre d\u2019emploi<\/li>\n<\/ul>\n<p>&nbsp;<\/p>\n<p><strong>\u00a0\u00a0\u00a0\u00a0\u00a0 2. Dossier de candidature en France et en Allemagne<br \/>\n<\/strong><\/p>\n<ul>\n<li>Savoir adapter son CV aux diff\u00e9rences interculturelles et conna\u00eetre les tendances actuelles<\/li>\n<li>Conna\u00eetre les diff\u00e9rents documents \u00e0 joindre dans sa candidature<\/li>\n<li>Savoir r\u00e9diger une lettre de motivation<\/li>\n<\/ul>\n<p>&nbsp;<\/p>\n<p><strong>\u00a0\u00a0\u00a0\u00a0\u00a0 3. Entretien d\u2019embauche France et en Allemagne<br \/>\n<\/strong><\/p>\n<ul>\n<li>Savoir bien pr\u00e9parer son entretien d\u2019embauche<\/li>\n<li>R\u00e9ussir son entretien et savoir faire le suivi<\/li>\n<li>Savoir valoriser son double dipl\u00f4me franco-allemand<\/li>\n<\/ul>\n<p>&nbsp;<\/p>\n<p><strong>\u00a0\u00a0\u00a0\u00a0\u00a0 4. R\u00e9seauter avec succ\u00e8s et utiliser les r\u00e9seaux sociaux<\/strong><\/p>\n<ul>\n<li>Conna\u00eetre les fonctionnalit\u00e9s<\/li>\n<li>Savoir optimiser son profil<\/li>\n<li>Ma\u00eetriser LinkedIn pour la recherche d\u2018emploi<\/li>\n<\/ul>\n                            <\/div>\n\t\t\t\t\t\t\n\t\t\t\t\t\t\n                    <\/div><!-- .accordion -->\n\n\t\t\t\t\n\t\t\t\t\t\t\t\t\t                    <div class=\"accordion__item\" id=\"69f172ca02b33\">\n\n\t\t\t\t\t\t                            <header class=\"accordion__header\">\n                                <h2 class=\"accordion__title\">Formulaire d\u2019inscription <\/h2>\n                            <\/header>\n\t\t\t\t\t\t\n\t\t\t\t\t\t                            <div class=\"accordion__content\">\n\t\t\t\t\t\t\t\t<p><\/p>\n                            <\/div>\n\t\t\t\t\t\t\n\t\t\t\t\t\t\n                    <\/div><!-- .accordion -->\n\n\t\t\t\t                    <script>jQuery(document).ready(function(){setTimeout(function(){$('#69f172ca02b33 .accordion__title').trigger('click');}, 500);});<\/script>\n\t\t\t\t\n\t\t\t\t\t\t\t\t\t                    <div class=\"accordion__item\" id=\"69f172ca02b43\">\n\n\t\t\t\t\t\t                            <header class=\"accordion__header\">\n                                <h2 class=\"accordion__title\">Programme<\/h2>\n                            <\/header>\n\t\t\t\t\t\t\n\t\t\t\t\t\t                            <div class=\"accordion__content\">\n\t\t\t\t\t\t\t\t<p>Retrouvez le programme en format pdf <a href=\"https:\/\/www.dfh-ufa.org\/app\/uploads\/2026\/03\/Ateliers_F_Mars.pdf\">ici<\/a>.<\/p>\n                            <\/div>\n\t\t\t\t\t\t\n\t\t\t\t\t\t\n                    <\/div><!-- .accordion -->\n\n\t\t\t\t\n\t\t\t\t\t\t\t\n        <\/div><!-- .accordion -->\n\n\t\t<\/div><div id=\"panel-1883101-0-0-2\" class=\"so-panel widget widget_sow-editor panel-last-child\" data-index=\"2\" ><div class=\"so-widget-sow-editor so-widget-sow-editor-base\">\n<div class=\"siteorigin-widget-tinymce textwidget\">\n\t<hr \/>\n<h3>Interlocutrice<\/h3>\n<p><strong>Annika Matulla<\/strong><\/p>\n<p>T\u00e9l. : + 49 (0)681 93812 -140<br \/>\nCourriel : <a href=\"mailto:workshop-atelier@dfh-ufa.org\">workshop-atelier@dfh-ufa.org<\/a><\/p>\n<\/div>\n<\/div><\/div><\/div><\/div><\/div>","protected":false},"excerpt":{"rendered":"<p>R\u00e9ussir son insertion professionnelle en 4 \u00e9tapes pour les \u00e9tudiant\u00b7es et dipl\u00f4m\u00e9\u00b7es des cursus binationaux et trinationaux de l&rsquo;UFA Vous achevez bient\u00f4t vos \u00e9tudes sup\u00e9rieures ou vous venez d\u2019\u00eatre dipl\u00f4m\u00e9\u00b7e de l&rsquo;UFA ? Afin de vous faciliter l\u2019entr\u00e9e sur le march\u00e9 de l\u2019emploi dans les deux pays, l\u2019UFA vous propose de participer \u00e0 nos ateliers [&hellip;]<\/p>\n","protected":false},"author":400,"featured_media":0,"parent":186443,"menu_order":0,"comment_status":"closed","ping_status":"closed","template":"","meta":{"_bbp_topic_count":0,"_bbp_reply_count":0,"_bbp_total_topic_count":0,"_bbp_total_reply_count":0,"_bbp_voice_count":0,"_bbp_anonymous_reply_count":0,"_bbp_topic_count_hidden":0,"_bbp_reply_count_hidden":0,"_bbp_forum_subforum_count":0,"inline_featured_image":false},"acf":[],"_links":{"self":[{"href":"https:\/\/www.dfh-ufa.org\/fr\/wp-json\/wp\/v2\/pages\/1883101"}],"collection":[{"href":"https:\/\/www.dfh-ufa.org\/fr\/wp-json\/wp\/v2\/pages"}],"about":[{"href":"https:\/\/www.dfh-ufa.org\/fr\/wp-json\/wp\/v2\/types\/page"}],"author":[{"embeddable":true,"href":"https:\/\/www.dfh-ufa.org\/fr\/wp-json\/wp\/v2\/users\/400"}],"replies":[{"embeddable":true,"href":"https:\/\/www.dfh-ufa.org\/fr\/wp-json\/wp\/v2\/comments?post=1883101"}],"version-history":[{"count":88,"href":"https:\/\/www.dfh-ufa.org\/fr\/wp-json\/wp\/v2\/pages\/1883101\/revisions"}],"predecessor-version":[{"id":1963867,"href":"https:\/\/www.dfh-ufa.org\/fr\/wp-json\/wp\/v2\/pages\/1883101\/revisions\/1963867"}],"up":[{"embeddable":true,"href":"https:\/\/www.dfh-ufa.org\/fr\/wp-json\/wp\/v2\/pages\/186443"}],"wp:attachment":[{"href":"https:\/\/www.dfh-ufa.org\/fr\/wp-json\/wp\/v2\/media?parent=1883101"}],"curies":[{"name":"wp","href":"https:\/\/api.w.org\/{rel}","templated":true}]}}

<div id="pl-1883101"  class="panel-layout" ><div id="pg-1883101-0"  class="panel-grid panel-no-style" ><div id="pgc-1883101-0-0"  class="panel-grid-cell" ><div id="panel-1883101-0-0-0" class="so-panel widget widget_sow-editor panel-first-child" data-index="0" ><div class="so-widget-sow-editor so-widget-sow-editor-base">
<div class="siteorigin-widget-tinymce textwidget">
	<h4><em>Réussir son insertion professionnelle en 4 étapes</em></h4>
<h2 style="text-align: center">pour les étudiant·es et diplômé·es des cursus binationaux et trinationaux de l'UFA</h2>
<h5 style="text-align: center"><strong>Vous achevez bientôt vos études supérieures ou vous venez d’être diplômé·e de l'UFA ? Afin de vous faciliter l’entrée sur le marché de l’emploi dans les deux pays, l’UFA vous propose de participer à nos ateliers interculturels.</strong></h5>
<hr />
<p>Pour s'inscrire à la conférence interculturelle en ligne, c'est <strong><a href="https://www.dfh-ufa.org/fr/vous-etes/etudiant/entrainement-interculturel-a-la-candidature/conference-interculturelle-en-ligne?noredirect=fr_FR">par ici</a></strong>.</p>
<p>Les prochains ateliers interculturels auront lieu en automne 2026.</p>
<hr />
<h3><strong>Besoin d’astuces pour optimiser votre recherche d’emploi ou de stage ?</strong></h3>
<p>Une foule de conseils et d’informations utiles pour votre candidature, doublée d’un échange d’expériences avec des étudiant·es et diplômé·es d’autres disciplines vous attendent.</p>
<h4>Bénéfices</h4>
<ul>
<li>optimiser la préparation du dossier de candidature et de l’entretien</li>
<li>sensibiliser les candidat·es aux différences structurelles des différents champs professionnels</li>
<li>favoriser l’échange d’expériences entre les participant·es</li>
<li>mettre en réseau les étudiant·es et diplômé·es de l’UFA issu·es de disciplines variées</li>
<li>mettre à profit les compétences interculturelles acquises durant les études dans un contexte professionnel</li>
</ul>
<p>&nbsp;</p>
<h3>L'intervenante</h3>
<p><strong><a href="https://www.coach-pro-akb.de/" target="_blank" rel="noopener">Ann-Kristin Benthien</a>,</strong> diplômée en gestion d’entreprise et en psychologie, est originaire d’Allemagne et vit en France depuis 2013.</p>
<p><img decoding="async" loading="lazy" class="size-medium wp-image-1883885 alignleft" src="https://www.dfh-ufa.org/app/uploads/2023/09/Coaching-professionnel-a-Paris-Fondatrice-198x250.jpg" alt="" width="198" height="250" srcset="https://www.dfh-ufa.org/app/uploads/2023/09/Coaching-professionnel-a-Paris-Fondatrice-198x250.jpg 198w, https://www.dfh-ufa.org/app/uploads/2023/09/Coaching-professionnel-a-Paris-Fondatrice-809x1024.jpg 809w, https://www.dfh-ufa.org/app/uploads/2023/09/Coaching-professionnel-a-Paris-Fondatrice-768x972.jpg 768w, https://www.dfh-ufa.org/app/uploads/2023/09/Coaching-professionnel-a-Paris-Fondatrice.jpg 1061w" sizes="(max-width: 198px) 100vw, 198px" /></p>
<p>Elle a travaillé pour diverses sociétés de service, dont BearingPoint : elle est intervenue chez Mercedes, AXA, VW, Raja, etc. en tant que Business Analyste et chef de projet. Depuis 2016, elle est coach professionnel et propose entre autres ses services dans la création de projet professionnel : de l’identification de son projet jusqu’à l’embauche. Elle accompagne aussi les entreprises dans un contexte franco-allemand sur les différences interculturelles.</p>
<p>Ses spécialités :</p>
<ul>
<li> Différences interculturelles</li>
<li> Rédaction de CV</li>
<li> Préparation aux entretiens d’embauche</li>
</ul>
<hr />
<h3><strong>Dates et sujets des ateliers </strong></h3>
<ul>
<li>Atelier 1 : Analyse de compétences et présentation de soi - vendredi 20 mars de 14h30 à 18h30</li>
<li>Atelier 2 : Dossier de candidature en France et en Allemagne - samedi 21 mars de 9h à 13h</li>
<li>Atelier 3 : Entretien d'embauche - vendredi 27 mars de 14h30 à 18h30</li>
<li>Atelier 4 : Réseauter avec succès sur LinkedIn - samedi 28 mars de 9h à 13h</li>
</ul>
<p>&nbsp;</p>
<p>&nbsp;</p>
<hr />
</div>
</div></div><div id="panel-1883101-0-0-1" class="so-panel widget widget_accordion" data-index="1" >        <div class="accordion" data-collapse="1">

												                    <div class="accordion__item" id="69f172ca02ab9">

						                            <header class="accordion__header">
                                <h2 class="accordion__title">Objectifs des ateliers</h2>
                            </header>
						
						                            <div class="accordion__content">
								<p><strong>      1. Analyse de compétences et présentation de soi</strong></p>
<ul>
<li>Identifier ses compétences et les atouts du double diplôme et les mettre en avant dans son projet professionnel</li>
<li>Savoir analyser les besoins de l’entreprise et les compétences requises</li>
<li>Construire son Elevator Pitch en fonction de l’offre d’emploi</li>
</ul>
<p>&nbsp;</p>
<p><strong>      2. Dossier de candidature en France et en Allemagne<br />
</strong></p>
<ul>
<li>Savoir adapter son CV aux différences interculturelles et connaître les tendances actuelles</li>
<li>Connaître les différents documents à joindre dans sa candidature</li>
<li>Savoir rédiger une lettre de motivation</li>
</ul>
<p>&nbsp;</p>
<p><strong>      3. Entretien d’embauche France et en Allemagne<br />
</strong></p>
<ul>
<li>Savoir bien préparer son entretien d’embauche</li>
<li>Réussir son entretien et savoir faire le suivi</li>
<li>Savoir valoriser son double diplôme franco-allemand</li>
</ul>
<p>&nbsp;</p>
<p><strong>      4. Réseauter avec succès et utiliser les réseaux sociaux</strong></p>
<ul>
<li>Connaître les fonctionnalités</li>
<li>Savoir optimiser son profil</li>
<li>Maîtriser LinkedIn pour la recherche d‘emploi</li>
</ul>
                            </div>
						
						
                    </div><!-- .accordion -->

				
									                    <div class="accordion__item" id="69f172ca02b33">

						                            <header class="accordion__header">
                                <h2 class="accordion__title">Formulaire d’inscription </h2>
                            </header>
						
						                            <div class="accordion__content">
								<p></p>
                            </div>
						
						
                    </div><!-- .accordion -->

				                    <script>jQuery(document).ready(function(){setTimeout(function(){$('#69f172ca02b33 .accordion__title').trigger('click');}, 500);});</script>
				
									                    <div class="accordion__item" id="69f172ca02b43">

						                            <header class="accordion__header">
                                <h2 class="accordion__title">Programme</h2>
                            </header>
						
						                            <div class="accordion__content">
								<p>Retrouvez le programme en format pdf <a href="https://www.dfh-ufa.org/app/uploads/2026/03/Ateliers_F_Mars.pdf">ici</a>.</p>
                            </div>
						
						
                    </div><!-- .accordion -->

				
							
        </div><!-- .accordion -->

		</div><div id="panel-1883101-0-0-2" class="so-panel widget widget_sow-editor panel-last-child" data-index="2" ><div class="so-widget-sow-editor so-widget-sow-editor-base">
<div class="siteorigin-widget-tinymce textwidget">
	<hr />
<h3>Interlocutrice</h3>
<p><strong>Annika Matulla</strong></p>
<p>Tél. : + 49 (0)681 93812 -140<br />
Courriel : <a href="mailto:workshop-atelier@dfh-ufa.org">workshop-atelier@dfh-ufa.org</a></p>
</div>
</div></div></div></div></div>

<p>Réussir son insertion professionnelle en 4 étapes pour les étudiant·es et diplômé·es des cursus binationaux et trinationaux de l&rsquo;UFA Vous achevez bientôt vos études supérieures ou vous venez d’être diplômé·e de l&rsquo;UFA ? Afin de vous faciliter l’entrée sur le marché de l’emploi dans les deux pays, l’UFA vous propose de participer à nos ateliers [&hellip;]</p>
