{"id":5616,"date":"2018-06-20T14:12:25","date_gmt":"2018-06-20T12:12:25","guid":{"rendered":"https:\/\/www.dfh-ufa.org\/fr\/sabine-keindl"},"modified":"2022-07-05T09:53:12","modified_gmt":"2022-07-05T07:53:12","slug":"sabine-keindl","status":"publish","type":"page","link":"https:\/\/www.dfh-ufa.org\/fr\/vous-etes\/entreprises\/prix-dexcellence\/laureats-depuis-2005\/sabine-keindl","title":{"rendered":"PEX 2010 : Sabine Keindl"},"content":{"rendered":"<div class=\"col-sm-9 col-sm-pull-3\">\n<div class=\"csc-textpicHeader csc-textpicHeader-25\">\n<div class=\"csc-header csc-header-n1\">\n<p class=\"csc-firstHeader\"><strong>Victoire \u00e0 l\u2019ext\u00e9rieur<\/strong><\/p>\n<\/div>\n<\/div>\n<p>&nbsp;<\/p>\n<p>\u00ab\u00a0<i>\u00c0 la fin, on est fier d\u2019avoir r\u00e9ussi<\/i>\u00a0!\u00a0\u00bb Et Sabine Keindl a vraiment de quoi \u00eatre fi\u00e8re\u00a0: elle est, en tant qu\u2019Allemande, sortie major de sa promotion \u00e0 l\u2019universit\u00e9 parisienne de Panth\u00e9on-Assas \u2013 devant les \u00e9tudiants fran\u00e7ais\u00a0! Sa moyenne est la meilleure jamais atteinte dans le cursus binational de droit avec la LMU de Munich. \u00ab\u00a0<i>\u00c7a, c\u2019est parce que j\u2019aime ce que je fais<\/i>\u00a0\u00bb, confie l\u2019enthousiaste \u00e9tudiante. Pour ses r\u00e9sultats hors du commun, l\u2019UFA et le cabinet ASA Avocats associ\u00e9s lui d\u00e9cernent le prix d\u2019excellence.<\/p>\n<p>&nbsp;<\/p>\n<p>Durant ses \u00e9tudes franco-allemandes, Sabine Keindl a particuli\u00e8rement appr\u00e9ci\u00e9 l\u2019immersion compl\u00e8te dans la vie \u00e9tudiante des deux pays. \u00ab\u00a0<i>Cela permet d\u2019apprendre vraiment \u00e0 conna\u00eetre deux syst\u00e8mes extr\u00eamement diff\u00e9rents\u00a0<\/i>\u00bb, explique-t-elle. Tandis qu\u2019en Allemagne, l\u2019accent est mis sur le traitement de cas juridiques concrets, on accorde en France plus d\u2019importance aux commentaires d\u2019arr\u00eats et aux dissertations. Dans son m\u00e9moire de bachelor, elle s\u2019est pench\u00e9e sur une proposition de directive de la Commission europ\u00e9enne relative \u00e0 l\u2019harmonisation du droit europ\u00e9en des consommateurs.<\/p>\n<p>&nbsp;<\/p>\n<p>\u00ab\u00a0<i>Au d\u00e9but, c\u2019\u00e9tait tout de m\u00eame dur<\/i>\u00a0\u00bb, raconte la Bavaroise en repensant \u00e0 son ann\u00e9e parisienne. Il fallut trouver ses rep\u00e8res et r\u00e9sister \u00e0 la pression, \u00ab\u00a0<i>ce qui ne fonctionne qu\u2019avec de l\u2019enthousiasme<\/i>\u00a0\u00bb. Mais cela lui permit \u00e9galement de vivre une incroyable coop\u00e9ration entre Fran\u00e7ais et Allemands et de rencontrer des gens vraiment sympathiques qui l\u2019ont toujours aid\u00e9e. Elle profita aussi pleinement de la magnifique capitale fran\u00e7aise et put y pratiquer de nombreuses activit\u00e9s.<\/p>\n<p>&nbsp;<\/p>\n<p>La laur\u00e9ate envisage son avenir professionnel en tant que juge ou dans une entreprise en rapport avec la France. Mais avant, elle a encore un programme charg\u00e9\u00a0: finir son master, obtenir les dipl\u00f4mes d\u2019\u00c9tat allemands et effectuer un doctorat.<\/p>\n<p>&nbsp;<\/p>\n<p>&nbsp;<\/p>\n<p><a href=\"https:\/\/www.dfh-ufa.org\/fr\/actualites\/communiques-de-presse\/afficher-les-communiques-de-presse\/news\/les-laureats-du-prix-dexcellence-2010\/\" target=\"_blank\" rel=\"noopener noreferrer\">\u00bb Lire le communiqu\u00e9 de presse<\/a><\/p>\n<p><a href=\"http:\/\/www.facebook.com\/album.php?aid=253250&amp;id=207332462512&amp;fbid=477416547512&amp;ref=mf\" target=\"_blank\" rel=\"noopener noreferrer\">\u00bb Voir les photos<\/a><\/p>\n<p><a href=\"https:\/\/www.dfh-ufa.org\/uploads\/media\/ufa_2010-12-06_dossier_de_presse_prix_d__excellence_2010_01.pdf\">\u00bb Consulter le dossier de presse<\/a><\/p>\n<\/div>\n","protected":false},"excerpt":{"rendered":"<p>Victoire \u00e0 l\u2019ext\u00e9rieur &nbsp; \u00ab\u00a0\u00c0 la fin, on est fier d\u2019avoir r\u00e9ussi\u00a0!\u00a0\u00bb Et Sabine Keindl a vraiment de quoi \u00eatre fi\u00e8re\u00a0: elle est, en tant qu\u2019Allemande, sortie major de sa promotion \u00e0 l\u2019universit\u00e9 parisienne de Panth\u00e9on-Assas \u2013 devant les \u00e9tudiants fran\u00e7ais\u00a0! Sa moyenne est la meilleure jamais atteinte dans le cursus binational de droit avec [&hellip;]<\/p>\n","protected":false},"author":6,"featured_media":0,"parent":87037,"menu_order":0,"comment_status":"closed","ping_status":"closed","template":"","meta":{"_bbp_topic_count":0,"_bbp_reply_count":0,"_bbp_total_topic_count":0,"_bbp_total_reply_count":0,"_bbp_voice_count":0,"_bbp_anonymous_reply_count":0,"_bbp_topic_count_hidden":0,"_bbp_reply_count_hidden":0,"_bbp_forum_subforum_count":0,"inline_featured_image":false},"acf":[],"_links":{"self":[{"href":"https:\/\/www.dfh-ufa.org\/fr\/wp-json\/wp\/v2\/pages\/5616"}],"collection":[{"href":"https:\/\/www.dfh-ufa.org\/fr\/wp-json\/wp\/v2\/pages"}],"about":[{"href":"https:\/\/www.dfh-ufa.org\/fr\/wp-json\/wp\/v2\/types\/page"}],"author":[{"embeddable":true,"href":"https:\/\/www.dfh-ufa.org\/fr\/wp-json\/wp\/v2\/users\/6"}],"replies":[{"embeddable":true,"href":"https:\/\/www.dfh-ufa.org\/fr\/wp-json\/wp\/v2\/comments?post=5616"}],"version-history":[{"count":3,"href":"https:\/\/www.dfh-ufa.org\/fr\/wp-json\/wp\/v2\/pages\/5616\/revisions"}],"predecessor-version":[{"id":1273030,"href":"https:\/\/www.dfh-ufa.org\/fr\/wp-json\/wp\/v2\/pages\/5616\/revisions\/1273030"}],"up":[{"embeddable":true,"href":"https:\/\/www.dfh-ufa.org\/fr\/wp-json\/wp\/v2\/pages\/87037"}],"wp:attachment":[{"href":"https:\/\/www.dfh-ufa.org\/fr\/wp-json\/wp\/v2\/media?parent=5616"}],"curies":[{"name":"wp","href":"https:\/\/api.w.org\/{rel}","templated":true}]}}

<div class="col-sm-9 col-sm-pull-3">
<div class="csc-textpicHeader csc-textpicHeader-25">
<div class="csc-header csc-header-n1">
<p class="csc-firstHeader"><strong>Victoire à l’extérieur</strong></p>
</div>
</div>
<p>&nbsp;</p>
<p>« <i>À la fin, on est fier d’avoir réussi</i> ! » Et Sabine Keindl a vraiment de quoi être fière : elle est, en tant qu’Allemande, sortie major de sa promotion à l’université parisienne de Panthéon-Assas – devant les étudiants français ! Sa moyenne est la meilleure jamais atteinte dans le cursus binational de droit avec la LMU de Munich. « <i>Ça, c’est parce que j’aime ce que je fais</i> », confie l’enthousiaste étudiante. Pour ses résultats hors du commun, l’UFA et le cabinet ASA Avocats associés lui décernent le prix d’excellence.</p>
<p>&nbsp;</p>
<p>Durant ses études franco-allemandes, Sabine Keindl a particulièrement apprécié l’immersion complète dans la vie étudiante des deux pays. « <i>Cela permet d’apprendre vraiment à connaître deux systèmes extrêmement différents </i>», explique-t-elle. Tandis qu’en Allemagne, l’accent est mis sur le traitement de cas juridiques concrets, on accorde en France plus d’importance aux commentaires d’arrêts et aux dissertations. Dans son mémoire de bachelor, elle s’est penchée sur une proposition de directive de la Commission européenne relative à l’harmonisation du droit européen des consommateurs.</p>
<p>&nbsp;</p>
<p>« <i>Au début, c’était tout de même dur</i> », raconte la Bavaroise en repensant à son année parisienne. Il fallut trouver ses repères et résister à la pression, « <i>ce qui ne fonctionne qu’avec de l’enthousiasme</i> ». Mais cela lui permit également de vivre une incroyable coopération entre Français et Allemands et de rencontrer des gens vraiment sympathiques qui l’ont toujours aidée. Elle profita aussi pleinement de la magnifique capitale française et put y pratiquer de nombreuses activités.</p>
<p>&nbsp;</p>
<p>La lauréate envisage son avenir professionnel en tant que juge ou dans une entreprise en rapport avec la France. Mais avant, elle a encore un programme chargé : finir son master, obtenir les diplômes d’État allemands et effectuer un doctorat.</p>
<p>&nbsp;</p>
<p>&nbsp;</p>
<p><a href="https://www.dfh-ufa.org/fr/actualites/communiques-de-presse/afficher-les-communiques-de-presse/news/les-laureats-du-prix-dexcellence-2010/" target="_blank" rel="noopener noreferrer">» Lire le communiqué de presse</a></p>
<p><a href="http://www.facebook.com/album.php?aid=253250&amp;id=207332462512&amp;fbid=477416547512&amp;ref=mf" target="_blank" rel="noopener noreferrer">» Voir les photos</a></p>
<p><a href="https://www.dfh-ufa.org/uploads/media/ufa_2010-12-06_dossier_de_presse_prix_d__excellence_2010_01.pdf">» Consulter le dossier de presse</a></p>
</div>

<p>Victoire à l’extérieur &nbsp; « À la fin, on est fier d’avoir réussi ! » Et Sabine Keindl a vraiment de quoi être fière : elle est, en tant qu’Allemande, sortie major de sa promotion à l’université parisienne de Panthéon-Assas – devant les étudiants français ! Sa moyenne est la meilleure jamais atteinte dans le cursus binational de droit avec [&hellip;]</p>
